he tens digit of w?
3
Suppose -o = 3*p + 59, 2*o - 81 = 4*p + o. Let t be (-6)/(-4)*p/(-6). Let m = 11 - t. What is the units digit of m?
6
Let d(w) = -w**2 - 17*w - 10. What is the units digit of d(-16)?
6
What is the tens digit of (-15)/60 + 442/8?
5
Let t(s) = 5*s + 1. Suppose 32 = 5*w - 43. Suppose 4*a = -5*i + 29, 0 = 5*a - 5*i + i + w. What is the units digit of t(a)?
6
Let x(o) = 3*o**2 - o - 9. What is the tens digit of x(-4)?
4
What is the units digit of (0 + 342/(-8))/(7/(-56))?
2
Let c = 20 - 29. Let k = -13 - c. What is the units digit of (-26)/k - 2/4?
6
Suppose -35 = -3*u - 3*s + 4, -3*u + 5*s = 1. Let m(h) = h**2 - 7*h - 7. Let c be m(u). Let d = 10 + c. What is the units digit of d?
1
Suppose -5*j - 26 = -p, -5*p + 164 = -4*j - 50. What is the tens digit of p?
4
What is the units digit of (-16)/72 + (-1 - (-2355)/27)?
6
Let y = 12 - -67. What is the units digit of y?
9
Suppose -8*r + 816 = -904. What is the hundreds digit of r?
2
Suppose -1 + 217 = 4*x. What is the units digit of x?
4
Let b = 3 + 0. What is the units digit of b/(-4)*(3 + -7)?
3
Let f = 62 + -34. What is the units digit of f?
8
Let f = 1 - -8. What is the units digit of ((-6)/f)/((-1)/6)?
4
Let r be (10 + -8)/(2/(-14)). Let z = 21 + r. What is the units digit of z?
7
Let p = -8 + 11. Suppose -p*u + 0*i = 2*i - 19, 5*i - 2 = -u. What is the units digit of u?
7
Let a(d) = -3*d + 22. What is the tens digit of a(-7)?
4
Let x(v) = 8*v**2 + v - 1. What is the tens digit of x(-2)?
2
Suppose -4*o - o + 3*t = -224, 5*t = 10. What is the tens digit of o?
4
Let n be (-915)/105 + (-4)/14. Let d = 22 + n. What is the tens digit of d?
1
Let r(j) = -j**3 + 6*j**2 + 5*j - 3. Let v be r(7). Let z = v + 52. What is the tens digit of z?
3
Let r = 9 - 30. What is the units digit of r/(-6)*2 + 1?
8
Let n = -129 + 187. Let y = n - 22. What is the tens digit of y?
3
Suppose -3*x - 6 = -s, 4*s - x - 2 = s. Suppose -r - r + 20 = s. What is the units digit of r?
0
Suppose -m = a + 3*a - 25, 0 = -3*m + 4*a - 5. What is the units digit of m?
5
Let t = 5 - 5. Suppose a + t = 8. What is the units digit of a?
8
Let h = 328 + -227. What is the tens digit of h?
0
Let h(l) = l**2 + 8*l + 1. Suppose 12 = -x + 3*g, -3*x - 16 = -0*x + g. Let f be h(x). Let q = -3 - f. What is the units digit of q?
8
Suppose -1 - 15 = -4*f. Suppose 0 = -0*p - 4*p + 16. Suppose 2*o + g = -p*g + 7, 4*o - f*g = 0. What is the units digit of o?
1
Let s(b) = 4*b**2 + b - 13. Let f(h) = h**2 - 3. Let y(u) = 9*f(u) - 2*s(u). Let a be y(3). Suppose a*o = o + 14. What is the tens digit of o?
1
Suppose 0 = -6*u + 302 - 50. What is the units digit of u?
2
Let k(m) = -8*m + 13. What is the tens digit of k(-6)?
6
Suppose 2 = 3*c + 29. Suppose p = -2*p - 9. Let s = p - c. What is the units digit of s?
6
Suppose 0 = 2*z - z + 1, 5*b = 2*z - 138. Let u = 60 + b. What is the tens digit of u?
3
Let c(g) = g**3 - 4*g**2 + 1. Let l be c(4). Suppose -19 = -5*r + l. What is the units digit of 63/(-14)*r*-1?
8
Let c = 8 - 5. Suppose w - 1 + 2 = c*z, -4*z = 2*w - 8. Suppose -g + 40 = 3*l, -w*g = g - 12. What is the tens digit of l?
1
Let h be -1 + 0/(-2) - 14. Let x(g) = g**3 + 11*g**2 + 12*g - 8. Let a be x(-10). Let u = h - a. What is the units digit of u?
3
Suppose l + 4 = 2*r - 3*r, 0 = 3*l - 12. Let k(v) = -2*v + 8. What is the tens digit of k(r)?
2
What is the units digit of (32/(-24))/((-1)/24)?
2
Let j = -6 - 0. Let x be 12*(0 - 33/j). Suppose 5*i - x = r, -4*r - 1 = 3. What is the units digit of i?
3
Suppose 7*q + 99 = 10*q. What is the units digit of q?
3
Let k(y) be the first derivative of y**4/4 - 2*y**3/3 + y - 4. Let l be k(1). Suppose l = 2*d + 7 - 19. What is the units digit of d?
6
Let g = -218 - -333. What is the tens digit of g?
1
Let h(a) be the first derivative of a**3/3 + 5*a + 1. What is the tens digit of h(4)?
2
Suppose 5*u + 49 - 54 = 0. What is the units digit of u?
1
Let c = 17 + 42. What is the tens digit of c?
5
Suppose -2*f - 4*x = -62, 5*f + 2*x = f + 136. What is the units digit of f?
5
Let q(s) be the third derivative of -s**5/60 - s**4/4 + s**3/3 - 4*s**2. What is the units digit of q(-5)?
7
Let j be (2 + 0 - 22)/(-1). Suppose o - 4*x = 0, 2*o - 16 - j = -4*x. What is the tens digit of o?
1
Suppose 0*w = -9*w + 36. What is the units digit of w?
4
Let s = 294 - 89. What is the tens digit of s?
0
Suppose i - 3*b - 2 + 9 = 0, 0 = 3*i - 3*b + 3. Suppose i*r - 1 = 3. What is the tens digit of (r/4)/(2/68)?
1
Let c = -8 - -3. What is the units digit of 50/5*(-3)/c?
6
Let y = -112 - -333. What is the units digit of y?
1
What is the units digit of 6/(-16) + 21976/64?
3
Suppose 5*b = 14*b - 1305. What is the tens digit of b?
4
Suppose 3*u - 2*w - 61 = 2*u, -4*u - 4*w = -268. Suppose -k + 2 = -4*t - 11, 3*k + t - u = 0. Suppose k = 4*p - 11. What is the units digit of p?
8
Let z(h) be the first derivative of -h**6/360 - 7*h**5/120 + h**4/8 - 2*h**3/3 - 1. Let v(a) be the third derivative of z(a). What is the units digit of v(-6)?
9
Let i = -1 - -1. Let x = -5 + 17. Suppose i*d - x = -d. What is the units digit of d?
2
Suppose -4*a + 1 = -7. Let w = a - 0. Suppose w*f + 28 = 6*f. What is the units digit of f?
7
Let p(d) = -22*d + 1. Let l be p(-3). Suppose -1 - l = -4*t. What is the units digit of t?
7
Let o(m) = m**2 + 2*m - 73. What is the tens digit of o(-18)?
1
Suppose 0 = 5*n - 3*o - 24, -4*n + 9*n + 5*o = 40. Suppose 2*k - 5*a + 25 = 0, 2*a + 37 = -5*k + n*a. What is the tens digit of 18/(-30) - 93/k?
1
Let o be 6/(5 - 2) + 3. Suppose -o*a = -j + 21, -4*a + 101 = j + 2*j. What is the units digit of j?
1
Let c = -15 + 54. What is the tens digit of c?
3
Suppose -3*m - 57 = -0*x - 3*x, 3*x - 2*m = 59. Let w = x - -2. What is the tens digit of w?
2
Let m = 84 - 32. What is the tens digit of m?
5
Let l(s) = 2*s**2 - 4*s + 1. What is the units digit of l(-3)?
1
Suppose d + 0 - 2 = 0. Let i = 3 - 3. Suppose 2 = -i*k + d*k - 2*a, -2*a + 4 = k. What is the units digit of k?
2
Let s = -18 + 80. What is the tens digit of s?
6
Let u(f) = 2*f**2 + 6*f + 11. What is the units digit of u(-6)?
7
Suppose 2*j + 2*d = 0, 2*d = 4*d. Suppose 2*i + 2*p - 28 = -j*i, 4*i + 2*p = 56. Suppose 1 = 3*w - i, -4*w = -2*z - 8. What is the units digit of z?
6
Suppose -5*a + 5*w + 10 + 0 = 0, 0 = -a - 4*w + 2. Suppose u = 3*u + 2*c - 4, 5*c = -a*u - 2. What is the units digit of u?
4
Let y = 1 - 2. Suppose -6 = -2*d + 6. What is the units digit of d - 0/1 - y?
7
Let q = 5 + 0. What is the units digit of q?
5
Let v(z) = -z**3 + 6*z**2 + 9*z - 8. Suppose -14 - 26 = 5*b. Let x = b + 15. What is the units digit of v(x)?
6
Suppose 6 + 2 = 2*w. Suppose -2*v + 0*z + 32 = -4*z, 0 = -4*v - w*z + 52. What is the units digit of v?
4
Let a(p) = p**3 + 3*p**2 - 12*p - 6. Let l be a(-5). What is the units digit of (3 - 2)/(l/32)?
8
Let x(v) be the first derivative of -v**3/3 + 4*v**2 + 5*v + 3. What is the units digit of x(8)?
5
Suppose -7*d + 1540 = 3*d. What is the hundreds digit of d?
1
Suppose 2 = -4*w + 18, -m - 4*w = -92. What is the units digit of m?
6
Let t(a) be the second derivative of a**5/20 - a**4/4 + 2*a**3/3 - 2*a**2 + 2*a. What is the units digit of t(3)?
8
Let i = 55 - 23. What is the units digit of i?
2
What is the hundreds digit of (-8)/(-28)*-1 - 2025/(-7)?
2
Let z(s) = 6*s**3 - 4*s**2 + 3*s - 2. What is the tens digit of z(4)?
3
Let v be 0/(4 + (-3 - 0)). Suppose -5*i + 67 - 7 = v. What is the units digit of i?
2
Let s = -368 + 521. What is the tens digit of s?
5
Suppose 2*p = 4 + 12. Let d(n) = -n**2 + 8*n + 3. Let s be d(p). Suppose 0 = -6*i + s*i + 18. What is the units digit of i?
6
Let m(d) = 2*d + 95. Let u be m(0). Suppose 0 = 3*q + 5*s - u, 3*s - 13 = q - 40. What is the tens digit of q?
3
Suppose 0 = 4*v - b - 11 - 2, -3*v - 19 = 5*b. Suppose -x - 2*n = 2, n - 2*n - 3 = 0. Suppose x*i = v*i + 16. What is the units digit of i?
8
Let g = 8 - 5. Suppose 6 = -0*y + g*y. What is the units digit of y*2/4 + 3?
4
Suppose 19 - 5 = 2*v. Let l(m) = -m**2 + 5*m + 10. Let r be l(v). What is the tens digit of ((-44)/(-6))/(r/(-6))?
1
Suppose 2 = m - 3*m. What is the units digit of (0 - (-25 - m)) + 2?
6
Let q(c) = -1 - 3 + 7*c - c**2 - 2 + 2. What is the units digit of q(5)?
6
Let c(j) be the first derivative of j**4/4 - 2*j**3 + 3*j**2